-- --------------------------------------------------------
-- Host:                         127.0.0.1
-- Versión del servidor:         8.0.30-0ubuntu0.20.04.2 - (Ubuntu)
-- SO del servidor:              Linux
-- HeidiSQL Versión:             11.0.0.5919
-- --------------------------------------------------------

/*!40101 SET @OLD_CHARACTER_SET_CLIENT=@@CHARACTER_SET_CLIENT */;
/*!40101 SET NAMES utf8 */;
/*!50503 SET NAMES utf8mb4 */;
/*!40014 SET @OLD_FOREIGN_KEY_CHECKS=@@FOREIGN_KEY_CHECKS, FOREIGN_KEY_CHECKS=0 */;
/*!40101 SET @OLD_SQL_MODE=@@SQL_MODE, SQL_MODE='NO_AUTO_VALUE_ON_ZERO' */;

-- Volcando estructura para tabla calidadcliente.encuestas
CREATE TABLE IF NOT EXISTS `encuestas` (
  `id_encuesta` int NOT NULL AUTO_INCREMENT,
  `nombre` varchar(50) NOT NULL,
  `titulo` text NOT NULL,
  `intro` text NOT NULL,
  `activo` int NOT NULL DEFAULT '0',
  `fecha` timestamp NOT NULL DEFAULT CURRENT_TIMESTAMP,
  PRIMARY KEY (`id_encuesta`)
) ENGINE=InnoDB AUTO_INCREMENT=3 DEFAULT CHARSET=utf8mb4 COLLATE=utf8mb4_0900_ai_ci;

-- Volcando datos para la tabla calidadcliente.encuestas: ~2 rows (aproximadamente)
DELETE FROM `encuestas`;
/*!40000 ALTER TABLE `encuestas` DISABLE KEYS */;
INSERT INTO `encuestas` (`id_encuesta`, `nombre`, `titulo`, `intro`, `activo`, `fecha`) VALUES
	(1, 'general', '{"es":"Encuesta de satisfacción","en": "Satisfaction survey","br": "Pesquisa de satisfação","pt": "Inquérito de satisfação"}', '{"es": "Tu opinión es muy valiosa para nosotros.  Respondiendo este cuestionario nos ayudarás a conocer cómo valoras la aportación de LLYC a tu compañía y a identificar lo que es mejorable para alcanzar el objetivo de la máxima satisfacción. No te llevará más de 10 minutos. Muchas gracias por tu colaboración.<br><br>Valore del 1 al 10 los siguientes aspectos siendo 1 la puntuación más baja y 10 la más alta","en": "Your opinion is very valuable to us. By answering this questionnaire, you will help us to find out how you value LLYC\'s contribution to your company and identify what can be improved to achieve the goal of maximum satisfaction. It will take you no more than 10 minutes. Thank you very much for your collaboration.<br><br>Rate from 1 to 10 the following aspects with 1 being the lowest and 10 the highest","br": "Sua opinião é muito valiosa para nós. Ao responder a este questionário, você nos ajudará a saber como avalia a contribuição da LLYC para a sua empresa e a identificar o que pode ser melhorado para atingir a meta da máxima satisfação. Não vai levar mais do que 10 minutos. Muito obrigado pela sua cooperação.<br><br>Classifique os seguintes aspectos de 1 a 10, sendo 1 a pontuação mais baixa e 10 a mais alta","pt": "A sua opinião é muito valiosa para nós. Ao responder a este questionário, irá ajudar-nos a saber como valoriza o contributo da LLYC para a sua empresa e a identificar os pontos a melhorar para que atinjamos o objetivo da máxima satisfação. Não demorará mais de 10 minutos. Muito obrigado pela sua colaboração.<br><br>Classifique de 1 a 10 os seguintes aspetos, sendo 1 a classificação mais baixa e 10 a mais alta"}', 1, '2022-06-24 11:29:46'),
	(2, 'autoevaluacion', '{"es":"Autoevaluación de satisfacción cliente","en": "Customer satisfaction self-assessment","br": "Autoavaliação da satisfação do cliente","pt": "Autoavaliação da satisfação do cliente"}', '{"es":"Valore los siguientes aspectos","en":"Assess the following aspects","br":"Avalie os seguintes aspetos","pt":"Avalie os seguintes aspetos"}', 1, '2022-06-24 11:30:27');
/*!40000 ALTER TABLE `encuestas` ENABLE KEYS */;

-- Volcando estructura para tabla calidadcliente.encuestas_preguntas
CREATE TABLE IF NOT EXISTS `encuestas_preguntas` (
  `id_encuesta_pregunta` int NOT NULL AUTO_INCREMENT,
  `id_encuesta` int DEFAULT NULL,
  `id_pregunta` int DEFAULT NULL,
  `orden` int DEFAULT NULL,
  PRIMARY KEY (`id_encuesta_pregunta`),
  KEY `FK_encuesta` (`id_encuesta`),
  KEY `FK_pregunta` (`id_pregunta`),
  CONSTRAINT `FK_encuesta` FOREIGN KEY (`id_encuesta`) REFERENCES `encuestas` (`id_encuesta`),
  CONSTRAINT `FK_pregunta` FOREIGN KEY (`id_pregunta`) REFERENCES `preguntas` (`id_pregunta`)
) ENGINE=InnoDB AUTO_INCREMENT=45 DEFAULT CHARSET=utf8mb4 COLLATE=utf8mb4_0900_ai_ci;

-- Volcando datos para la tabla calidadcliente.encuestas_preguntas: ~43 rows (aproximadamente)
DELETE FROM `encuestas_preguntas`;
/*!40000 ALTER TABLE `encuestas_preguntas` DISABLE KEYS */;
INSERT INTO `encuestas_preguntas` (`id_encuesta_pregunta`, `id_encuesta`, `id_pregunta`, `orden`) VALUES
	(1, 2, 1, 2),
	(2, 2, 2, 3),
	(3, 2, 3, 4),
	(4, 2, 4, 5),
	(5, 2, 5, 7),
	(6, 2, 6, 8),
	(7, 2, 7, 9),
	(8, 2, 8, 10),
	(9, 2, 9, 11),
	(10, 2, 10, 12),
	(11, 2, 11, 13),
	(12, 2, 12, 15),
	(13, 2, 13, 16),
	(14, 2, 14, 17),
	(15, 2, 15, 18),
	(16, 2, 16, 19),
	(17, 2, 17, 20),
	(18, 2, 18, 22),
	(19, 2, 19, 23),
	(20, 2, 20, 24),
	(21, 2, 21, 1),
	(22, 2, 22, 6),
	(23, 2, 23, 14),
	(24, 2, 24, 21),
	(25, 1, 25, 1),
	(26, 1, 26, 2),
	(27, 1, 27, 3),
	(28, 1, 28, 4),
	(29, 1, 29, 5),
	(30, 1, 30, 6),
	(31, 1, 31, 7),
	(32, 1, 32, 8),
	(33, 1, 33, 9),
	(34, 1, 34, 10),
	(35, 1, 35, 11),
	(36, 1, 36, 12),
	(37, 1, 37, 13),
	(38, 1, 38, 14),
	(39, 1, 39, 15),
	(40, 1, 40, 16),
	(41, 1, 41, 17),
	(42, 1, 42, 18),
	(43, 1, 43, 19);
/*!40000 ALTER TABLE `encuestas_preguntas` ENABLE KEYS */;

-- Volcando estructura para tabla calidadcliente.encuestas_proyectos
CREATE TABLE IF NOT EXISTS `encuestas_proyectos` (
  `id_encuesta_proyecto` int NOT NULL AUTO_INCREMENT,
  `id_encuesta` int NOT NULL,
  `id_proyecto_sugar` varchar(50) NOT NULL,
  `fecha` timestamp NOT NULL DEFAULT CURRENT_TIMESTAMP,
  PRIMARY KEY (`id_encuesta_proyecto`),
  KEY `FK_encuesta_proyecto` (`id_encuesta`),
  CONSTRAINT `FK_encuesta_proyecto` FOREIGN KEY (`id_encuesta`) REFERENCES `encuestas` (`id_encuesta`)
) ENGINE=InnoDB DEFAULT CHARSET=utf8mb4 COLLATE=utf8mb4_0900_ai_ci;

-- Volcando datos para la tabla calidadcliente.encuestas_proyectos: ~0 rows (aproximadamente)

/*!40000 ALTER TABLE `encuestas_proyectos` DISABLE KEYS */;
/*!40000 ALTER TABLE `encuestas_proyectos` ENABLE KEYS */;

-- Volcando estructura para tabla calidadcliente.encuestas_respuestas
CREATE TABLE IF NOT EXISTS `encuestas_respuestas` (
  `id_encuesta_respuesta` int NOT NULL AUTO_INCREMENT,
  `id_encuesta_proyecto` int NOT NULL,
  `id_encuesta_pregunta` int NOT NULL,
  `respuesta` text NOT NULL,
  PRIMARY KEY (`id_encuesta_respuesta`),
  KEY `FK_proyecto_encuesta` (`id_encuesta_proyecto`),
  KEY `FK_encuesta_pregunta` (`id_encuesta_pregunta`),
  CONSTRAINT `FK_encuesta_pregunta` FOREIGN KEY (`id_encuesta_pregunta`) REFERENCES `encuestas_preguntas` (`id_encuesta_pregunta`),
  CONSTRAINT `FK_proyecto_encuesta` FOREIGN KEY (`id_encuesta_proyecto`) REFERENCES `encuestas_proyectos` (`id_encuesta_proyecto`)
) ENGINE=InnoDB DEFAULT CHARSET=utf8mb4 COLLATE=utf8mb4_0900_ai_ci;

-- Volcando datos para la tabla calidadcliente.encuestas_respuestas: ~0 rows (aproximadamente)

/*!40000 ALTER TABLE `encuestas_respuestas` DISABLE KEYS */;
/*!40000 ALTER TABLE `encuestas_respuestas` ENABLE KEYS */;

-- Volcando estructura para tabla calidadcliente.preguntas
CREATE TABLE IF NOT EXISTS `preguntas` (
  `id_pregunta` int NOT NULL AUTO_INCREMENT,
  `texto` text,
  `tipo_respuesta` varchar(50) DEFAULT NULL COMMENT 'comentario / selector / decimal / cabecera / separador',
  PRIMARY KEY (`id_pregunta`)
) ENGINE=InnoDB AUTO_INCREMENT=45 DEFAULT CHARSET=utf8mb4 COLLATE=utf8mb4_0900_ai_ci;

-- Volcando datos para la tabla calidadcliente.preguntas: ~43 rows (aproximadamente)
DELETE FROM `preguntas`;
/*!40000 ALTER TABLE `preguntas` DISABLE KEYS */;
INSERT INTO `preguntas` (`id_pregunta`, `texto`, `tipo_respuesta`) VALUES
	(1, '{"es":"¿Cuál es el grado de cumplimiento de los objetivos / KPIs acordados?","en":"What is the degree of compliance with the agreed objectives/KPIs?","br":"Qual o grau de cumprimento dos objetivos/KPIs acordados?","pt":"Qual é o grau de cumprimento dos objetivos/KPIs acordados?"}', 'selector'),
	(2, '{"es":"¿Conoce la alta dirección del cliente los resultados del trabajo?","en":"Is the client\'s senior management aware of the results of the work?","br":"A alta administração do cliente está ciente dos resultados do trabalho?","pt":"A gestão de topo do cliente está a par dos resultados do trabalho?"}', 'selector'),
	(3, '{"es":"¿Hemos ayudado a nuestro principal interlocutor a poner en valor internamente su trabajo?","en":"Have we helped our main contact person to internally enhance the value of his or her work?","br":"Ajudamos nosso principal interlocutor a aprimorar internamente seu trabalho internamente?","pt":"Ajudámos o nosso principal interlocutor a valorizar internamente o seu trabalho?"}', 'selector'),
	(4, '{"es":"Explica qué hemos hecho","en":"Explain what we have done","br":"Explique o que fizemos","pt":"Explique o que fizemos"}', 'comentario'),
	(5, '{"es":"¿Ha expresado formalmente el cliente su satisfacción con nuestro trabajo?","en":"Has the client formally expressed satisfaction with our work?","br":"O cliente expressou formalmente sua satisfação com nosso trabalho?","pt":"O cliente manifestou formalmente a sua satisfação com o nosso trabalho?"}', 'selector'),
	(6, '{"es":"¿Se ha producido alguna queja o conflicto con el cliente?","en":"Has there been any complaint or conflict with the client?","br":"Houve alguma reclamação ou conflito com o cliente?","pt":"Houve alguma queixa ou conflito com o cliente?"}', 'selector'),
	(7, '{"es":"Indica el caso y la situación en que se encuentra","en":"Indicate the case and its status","br":"Indique o caso e a situação em que se encontra","pt":"Indique o caso e a situação em que o mesmo se encontra"}', 'comentario'),
	(8, '{"es":"¿Ha valorado el cliente específicamente la creatividad de nuestras propuestas?","en":"Has the client specifically assessed the creativity of our proposals?","br":"O cliente valorizou especificamente a criatividade de nossas propostas?","pt":"O cliente valorizou especificamente a criatividade das nossas propostas?"}', 'selector'),
	(9, '{"es":"¿Se han producido en el equipo movimientos que hayan afectado negativamente al trabajo con el cliente?","en":"Have there been any movements in the team that have negatively affected the work with the client?","br":"Ocorreu alguma movimentação na equipe que tenha afetado negativamente o trabalho com o cliente?","pt":"Houve alguma movimentação na equipa que tenha afetado negativamente o trabalho com o cliente?"}', 'selector'),
	(10, '{"es":"¿Ha habido períodos prolongados de falta de interacción con el cliente?","en":"Have there been prolonged periods of lack of interaction with the client?","br":"Houve longos períodos sem interação com o cliente?","pt":"Houve períodos prolongados de falta de interação com o cliente?"}', 'selector'),
	(11, '{"es":"En caso de que hayan exisitido, indica los motivos","en":"If there have been any, indicate the reasons","br":"Se existiram, indique os motivos","pt":"Caso tenha havido, indique os motivos"}', 'comentario'),
	(12, '{"es":"¿Hemos involucrado al cliente en iniciativas de LLYC (artículos, eventos, task force, encuentros…)?","en":"Have we involved the client in LLYC initiatives (articles, events, task forces and meetings)?","br":"Envolvemos o cliente em iniciativas da LLYC (artigos, eventos, força-tarefa, encontros...)?","pt":"Envolvemos o cliente em iniciativas da LLYC (artigos, eventos, grupos de trabalho, reuniões...)?"}', 'selector'),
	(13, '{"es":"¿Se han celebrado reuniones del cliente con la alta dirección de LLYC (CEO, DG)?","en":"Have client meetings been held with LLYC senior management (CEO/DG)?","br":"Foram realizadas reuniões entre o cliente e a alta administração da LLYC (CEO, DG)?","pt":"Foram realizadas reuniões do cliente com a gestão de topo da LLYC (CEO, DG)?"}', 'selector'),
	(14, '{"es":"En caso de respuesta negativa en las dos preguntas anteriores, argumenta tu respuesta","en":"If the answer to the two previous questions is no, please justify your answer.","br":"Em caso de resposta negativa nas duas perguntas anteriores, justifique sua resposta","pt":"Se respondeu não às duas perguntas anteriores, justifique a sua resposta."}', 'comentario'),
	(15, '{"es":"¿Hemos presentado al cliente otras áreas, soluciones o servicios de LLYC diferentes a los contratados?","en":"Have we presented the client with areas, solutions or services of LLYC other than those contracted?","br":"Apresentamos ao cliente outras áreas, soluções ou serviços da LLYC além dos contratados?","pt":"Apresentámos ao cliente outras áreas, soluções ou serviços da LLYC para além das contratadas?"}', 'selector'),
	(16, '{"es":"En caso de respuesta negativa, explica las razones","en":"If the answer is no, explain the reasons","br":"Se a resposta for negativa, explique os motivos","pt":"Em caso de resposta negativa, explique os motivos"}', 'comentario'),
	(17, '{"es":"¿Conoce el cliente nuestras soluciones basadas en tecnología?","en":"Does the client know about our technology-based solutions?","br":"O cliente conhece as nossas soluções baseadas em tecnologia?","pt":"O cliente conhece as nossas soluções baseadas em tecnologia?"}', 'selector'),
	(18, '{"es":"¿Cuál es nuestro nivel real de dedicación al cliente respecto a lo contratado?","en":"What is our actual level of dedication to the client regarding what was contracted?","br":"Qual é o nosso nível real de dedicação ao cliente em relação ao contratado?","pt":"Qual é o nosso nível real de dedicação ao cliente em relação ao contratado?"}', 'selector'),
	(19, '{"es":"En caso de over o under service ¿Se ha pactado al cliente alguna medida para subsanarlo?","en":"In the event of over- or underservice, has any remedial action been agreed with the client?","br":"Em caso de excesso ou falta de serviço, o cliente concordou com alguma medida para corrigi-lo?","pt":"Em caso de over ou underservice, foi convencionada alguma medida para o corrigir?"}', 'selector'),
	(20, '{"es":"Si ha solicitado el cliente servicios adicionales no incluidos en los honorarios ¿cómo se ha resuelto?","en":"If the client has requested additional services not included in the fee, how has this been resolved?","br":"Se o cliente solicitou serviços adicionais não incluídos nos honorários, como foi resolvido?","pt":"Se o cliente solicitou serviços adicionais não incluídos nos honorários, como se resolveu?"}', 'selector'),
	(21, '{"es":"Evaluación de los resultados del trabajo para el cliente","en":"Evaluation of the results of the work for the client","br":"Avaliação dos resultados do trabalho para o cliente","pt":"Avaliação dos resultados do trabalho para o cliente"}', 'cabecera'),
	(22, '{"es":"Valoración de la satisfacción del cliente","en":"Customer satisfaction rating","br":"Avaliação de satisfação do cliente","pt":"Avaliação da satisfação do cliente"}', 'cabecera'),
	(23, '{"es":"Valoración de la interacción del cliente con LLYC","en":"Assessment of the client\'s interaction with LLYC","br":"Avaliação da interação do cliente com a LLYC","pt":"Avaliação da interação do cliente com LLYC"}', 'cabecera'),
	(24, '{"es":"Gestión de la cuenta","en":"Account management","br":"Gerenciamento da conta","pt":"Gestão da conta"}', 'cabecera'),
	(25, '{"es":"Equipo de LLYC","en":"LLYC Team","br":"Equipe da LLYC","pt":"Equipa da LLYC"}', 'cabecera'),
	(26, '{"es":"Su estabilidad: sin cambios que afecten al servicio","en":"Its stability: no changes affecting the service","br":"Sua estabilidade: sem alterações que afetem o serviço","pt":"A sua estabilidade: sem alterações que afetem o serviço"}', 'decimal'),
	(27, '{"es":"La implicación de profesionales más senior en el trabajo","en":"The involvement of more senior professionals in the work","br":"O envolvimento de profissionais mais seniores no trabalho","pt":"Envolvimento de profissionais mais experientes no trabalho"}', 'decimal'),
	(28, '{"es":"Su capacidad de resolución","en":"Its resolution ability","br":"Sua capacidade de resolução","pt":"A sua capacidade de resolução"}', 'decimal'),
	(29, '{"es":"Su conocimiento del negocio y el sector","en":"Its knowledge of the business and the sector","br":"Seu conhecimento do negócio e do setor","pt":"Os seus conhecimentos sobre o negócio e o setor"}', 'decimal'),
	(30, '{"es":"Aportación","en":"Contribution","br":"Contribuição","pt":"Contributo"}', 'cabecera'),
	(31, '{"es":"Proactividad: agilidad para la anticipación y recomendación","en":"Proactivity: ability to anticipate and recommend","br":"Proatividade: agilidade para antecipação e recomendação","pt":"Proatividade: agilidade na previsão e na recomendação"}', 'decimal'),
	(32, '{"es":"Creatividad: originalidad de enfoques y contenidos","en":"Creativity: originality of approaches and contents","br":"Criatividade: originalidade de abordagens e conteúdos","pt":"Criatividade: originalidade de abordagens e conteúdos"}', 'decimal'),
	(33, '{"es":"Estrategia: planteamiento y planificación","en":"Strategy: approach and planning","br":"Estratégia: abordagem e planejamento","pt":"Estratégia: planeamento"}', 'decimal'),
	(34, '{"es":"Flexibilidad: adaptación a las necesidades del cliente","en":"Flexibility: adapting to customer needs","br":"Flexibilidade: adaptação às necessidades do cliente","pt":"Flexibilidade: adaptação às necessidades do cliente"}', 'decimal'),
	(35, '{"es":"Relacionamiento: nivel de acceso a stakeholders clave","en":"Relationship: level of access to key stakeholders","br":"Relacionamento: nível de acesso às principais partes interessadas","pt":"Relacionamento: nível de acesso aos principais interessados"}', 'decimal'),
	(36, '{"es":"Tecnología: aplicación en los procesos de trabajo","en":"Relacionamento: nível de acesso aos principais interessados","br":"Tecnologia: aplicação nos processos de trabalho","pt":"Tecnologia: aplicação nos processos de trabalho"}', 'decimal'),
	(37, '{"es":"Resultados","en":"Results","br":"Resultados","pt":"Resultados"}', 'cabecera'),
	(38, '{"es":"Cumplimiento de los objetivos propuestos","en":"Compliance with the proposed objectives","br":"Cumprimento dos objetivos propostos","pt":"Cumprimento dos objetivos propostos"}', 'decimal'),
	(39, '{"es":"Valor del trabajo de LLYC para el departamento del cliente","en":"Value of LLYC\'s work for the client\'s department","br":"Valor do trabalho da LLYC para o departamento do cliente","pt":"Valor do trabalho da LLYC para o departamento do cliente"}', 'decimal'),
	(40, '{"es":"Valor del trabajo de LLYC para el negocio de la empresa","en":"Value of LLYC\'s work for the company\'s business","br":"Valor do trabalho da LLYC para os negócios da empresa","pt":"Valor do trabalho da LLYC para o negócio da empresa"}', 'decimal'),
	(41, '{"es":"","en":"","br":"","pt":""}', 'separador'),
	(42, '{"es":"En una escala del 1 al 10 ¿en qué punto situaría su interés por prescribir a LLYC a terceros?","en":"On a scale of 1 to 10, at what point would you place your interest in recommending LLYC to third parties?","br":"Em uma escala de 1 a 10, em que ponto você colocaria seu interesse em indicar a LLYC a terceiros?","pt":"Numa escala de 1 a 10, como classificaria o seu interesse em recomendar a LLYC a terceiros?"}', 'decimal'),
	(43, '{"es":"¿Qué le lleva a esa consideración respecto a LLYC?","en":"What leads you to this consideration regarding LLYC?","br":"O que o leva a essa consideração em relação à LLYC?","pt":"O que o leva a esta opinião no que respeita à LLYC?"}', 'comentario');
/*!40000 ALTER TABLE `preguntas` ENABLE KEYS */;

-- Volcando estructura para tabla calidadcliente.respuestas
CREATE TABLE IF NOT EXISTS `respuestas` (
  `id_respuesta` int NOT NULL AUTO_INCREMENT,
  `id_pregunta` int NOT NULL DEFAULT '0',
  `valor` text NOT NULL,
  PRIMARY KEY (`id_respuesta`),
  KEY `FK_pregunta_respuesta` (`id_pregunta`),
  CONSTRAINT `FK_pregunta_respuesta` FOREIGN KEY (`id_pregunta`) REFERENCES `preguntas` (`id_pregunta`)
) ENGINE=InnoDB AUTO_INCREMENT=41 DEFAULT CHARSET=utf8mb4 COLLATE=utf8mb4_0900_ai_ci;

-- Volcando datos para la tabla calidadcliente.respuestas: ~40 rows (aproximadamente)
DELETE FROM `respuestas`;
/*!40000 ALTER TABLE `respuestas` DISABLE KEYS */;
INSERT INTO `respuestas` (`id_respuesta`, `id_pregunta`, `valor`) VALUES
	(1, 1, '{"es":"Alto","en":"High","br":"Alto","pt":"Alto"}'),
	(2, 1, '{"es":"Medio","en":"Medium","br":"Médio","pt":"Médio"}'),
	(3, 1, '{"es":"Bajo","en":"Low","br":"Baixo","pt":"Baixo"}'),
	(4, 1, '{"es":"No hay KPIs","en":"There are no KPIs","br":"Não há KPIs","pt":"Não há KPIs"}'),
	(5, 2, '{"es":"Por LLYC","en":"By LLYC","br":"Pela LLYC","pt":"Pela LLYC"}'),
	(6, 2, '{"es":"Por equipo cliente","en":"By client team","br":"Pela equipe do cliente","pt":"Pela equipa de cliente"}'),
	(7, 2, '{"es":"No conoce","en":"Don\'t know","br":"Não sei","pt":"Não conhece"}'),
	(8, 3, '{"es":"Sí","en":"Yes","br":"Sim","pt":"Sim"}'),
	(9, 3, '{"es":"No","en":"No","br":"Não","pt":"Não"}'),
	(10, 5, '{"es":"Sí","en":"Yes","br":"Sim","pt":"Sim"}'),
	(11, 5, '{"es":"No","en":"No","br":"Não","pt":"Não"}'),
	(12, 6, '{"es":"Sí","en":"Yes","br":"Sim","pt":"Sim"}'),
	(13, 6, '{"es":"No","en":"No","br":"Não","pt":"Não"}'),
	(14, 8, '{"es":"Sí","en":"Yes","br":"Sim","pt":"Sim"}'),
	(15, 8, '{"es":"No","en":"No","br":"Não","pt":"Não"}'),
	(16, 8, '{"es":"Ha criticado","en":"It has criticized the creativity","br":"Criticou","pt":"Criticou"}'),
	(17, 9, '{"es":"Sí","en":"Yes","br":"Sim","pt":"Sim"}'),
	(18, 9, '{"es":"No","en":"No","br":"Não","pt":"Não"}'),
	(19, 10, '{"es":"Sí","en":"Yes","br":"Sim","pt":"Sim"}'),
	(20, 10, '{"es":"No","en":"No","br":"Não","pt":"Não"}'),
	(21, 12, '{"es":"Sí","en":"Yes","br":"Sim","pt":"Sim"}'),
	(22, 12, '{"es":"No","en":"No","br":"Não","pt":"Não"}'),
	(23, 13, '{"es":"Sí","en":"Yes","br":"Sim","pt":"Sim"}'),
	(24, 13, '{"es":"No","en":"No","br":"Não","pt":"Não"}'),
	(25, 15, '{"es":"Sí","en":"Yes","br":"Sim","pt":"Sim"}'),
	(26, 15, '{"es":"No","en":"No","br":"Não","pt":"Não"}'),
	(27, 17, '{"es":"Sí","en":"Yes","br":"Sim","pt":"Sim"}'),
	(28, 17, '{"es":"No","en":"No","br":"Não","pt":"Não"}'),
	(29, 18, '{"es":"Acorde","en":"Commensurate","br":"Está de acordo","pt":"Conforme"}'),
	(30, 18, '{"es":"Overservice","en":"Overservice","br":"Excesso de serviço","pt":"Overservice"}'),
	(31, 18, '{"es":"Underservice","en":"Underservice","br":"Falta de serviço","pt":"Underservice"}'),
	(32, 19, '{"es":"Ajuste de honorarios","en":"Fee adjustment","br":"Ajuste de honorários","pt":"Ajuste de honorários"}'),
	(33, 19, '{"es":"Ajuste de actividad","en":"Adjustment of activity","br":"Ajuste de atividade","pt":"Ajuste da atividade"}'),
	(34, 19, '{"es":"Cambios de equipo","en":"Team changes","br":"Mudanças de equipe","pt":"Mudanças de equipa"}'),
	(35, 19, '{"es":"No","en":"No","br":"Não","pt":"Não"}'),
	(36, 19, '{"es":"No aplica","en":"Does not apply","br":"Não se aplica","pt":"Não aplicável"}'),
	(37, 20, '{"es":"Acuerdo","en":"Agreement","br":"Acordo","pt":"Acordo"}'),
	(38, 20, '{"es":"LLYC deniega","en":"LLYC refused","br":"LLYC nega","pt":"A LLYC recusou"}'),
	(39, 20, '{"es":"Cliente rechaza","en":"Client rejected","br":"Cliente rejeita","pt":"O cliente recusou"}'),
	(40, 20, '{"es":"No solicita","en":"Not requested","br":"Não solicitado","pt":"Não solicitou"}');
/*!40000 ALTER TABLE `respuestas` ENABLE KEYS */;

/*!40101 SET SQL_MODE=IFNULL(@OLD_SQL_MODE, '') */;
/*!40014 SET FOREIGN_KEY_CHECKS=IF(@OLD_FOREIGN_KEY_CHECKS IS NULL, 1, @OLD_FOREIGN_KEY_CHECKS) */;
/*!40101 SET CHARACTER_SET_CLIENT=@OLD_CHARACTER_SET_CLIENT */;
